 the units digit of v?
9
Let z(s) = -s**3 - 7*s**2 - s - 6. Let o be z(-7). What is the tens digit of 8728/16 + o/2?
4
Let j(x) = 86*x**3 - 3*x**2 + 2*x. Let w be 12/(-9) - (-90)/27. Let i = -1 + w. What is the units digit of j(i)?
5
Let b = -3125 + 2098. Let a = -631 - b. What is the hundreds digit of a?
3
Let y be 25323/(-46)*(-8)/6. Suppose k = 3, -3*k = -4*a - a - y. Let v = a - -244. What is the units digit of v?
9
Let k = -4401 + 12642. What is the tens digit of k?
4
Let s(b) = 1 - 27 - 27 + 14 + 14*b. Let i = 119 + -113. What is the tens digit of s(i)?
4
Let y(f) = 3*f + 11. Let d(h) = h + 37. Let k be d(-16). What is the tens digit of y(k)?
7
Suppose -19*z = -32*z - 104. What is the hundreds digit of 232 - 5 - z - -8?
2
Let x = -91 - -80. What is the units digit of (3/(-2))/((x/202)/11)?
3
Let a(n) be the first derivative of -1/2*n**2 - 77/4*n**4 + 0*n + 3 - 1/3*n**3. What is the units digit of a(-1)?
7
Let p(l) = -l + 7. Let n be 5 + 2 + 2 + 1. Let t be p(n). What is the units digit of t/2 + 2394/12 + -4?
4
Let d = 12319 + -6362. What is the units digit of d?
7
Let l(j) = 24009*j**3 + 4*j**2 + 3*j - 2. What is the units digit of l(1)?
4
Let i = -675 + 211. Let k = -319 - i. What is the hundreds digit of k?
1
Suppose -2*m + 13 = -1. Let v(s) = 7*s**2 - 6*s + 8. Let o be v(m). Suppose -15*t - o = -18*t. What is the hundreds digit of t?
1
Suppose 6*j = 23 + 13. Suppose -10*x + j*x + 180 = 0. Suppose -3*s - 2*n + 26 = -x, 2*s + 2*n = 50. What is the units digit of s?
1
Let o(d) = d**2 + 10*d + 5. Let c be o(-9). Let f be 586/2 + 0 + c. Let k = f - 139. What is the hundreds digit of k?
1
Suppose -4*m = 4*r - 6484, 4*m + 28*r - 6476 = 16*r. What is the hundreds digit of m?
6
Let a = 3531 + -1436. What is the units digit of a?
5
Let c = 25088 + -6829. What is the tens digit of c?
5
Let n be -2 + ((-15)/6)/(2/(-4)). Suppose 1635 = -5*l - n*m, 0*m = -5*l + 2*m - 1610. Let c = -161 - l. What is the tens digit of c?
6
Let y(p) = -p**2 - 21*p + 33. Let z be y(-21). What is the tens digit of ((-24)/(-11) - 6/z) + 610?
1
What is the thousands digit of (20 - 19)/(6/16674)?
2
Let j be -5*(-2)/(-2 - -4). Let x be (-4 - 84/(-20)) + 49/j. Suppose -2*h - 3*g = -0*h - x, 5*g + 10 = 2*h. What is the units digit of h?
5
Suppose -59*c - 66*c - 559580 = -145*c. What is the ten thousands digit of c?
2
Let b(s) = s**3 + 37*s**2 + 3*s + 37. What is the tens digit of b(-17)?
6
Let c = 4971 + 8276. What is the ten thousands digit of c?
1
Let q be (2/(-12)*87)/(2/(-28)). Suppose t + 242 = 2*i - 523, i - 370 = -2*t. Let b = i - q. What is the tens digit of b?
7
Suppose 439*u - 234*u + 584267 = 242*u. What is the tens digit of u?
9
Suppose -33985 = -13*t + 70756. What is the hundreds digit of t?
0
Let q(w) = -8*w**2 + 6*w**3 - 3*w**2 - 9*w**3 + 29 + 4*w**3 + 12*w. What is the units digit of q(12)?
7
Let j(i) = 82*i**2 - i + 27. Let h be j(-6). Suppose 15*f - 8295 = h. What is the hundreds digit of f?
7
Let t(c) = 10*c**2 - 48*c + 64. Let p(b) = 4*b**2 - 16*b + 20. Let v(u) = 11*p(u) - 4*t(u). What is the units digit of v(-23)?
2
Let s(b) be the first derivative of b**4/4 - 16*b**3/3 - 3*b**2 + 43*b - 51. What is the tens digit of s(18)?
8
What is the hundreds digit of (-12)/10 + 27/135 - -1585?
5
Let h = 67 + -100. Let d = h - -61. Suppose -95 = -3*y + d. What is the units digit of y?
1
Suppose 64*i = 72*i - 64. What is the tens digit of (2396/i + -4)/(3/6)?
9
Let j(m) = -2*m + 6. Let x be j(0). Suppose 16 = -2*a + x*a - u, -2*a = 5*u - 8. Suppose -3*h = 9, -h + 276 = a*c - 177. What is the hundreds digit of c?
1
Let k be 9*52/(-351)*(-24)/2. Suppose 3*d = -179 + 38. Let a = k - d. What is the tens digit of a?
6
Let o be 1/(((-5)/30)/(-1)). Suppose -o*s - 9 = -9. Suppose -5*t + 1004 + 136 = s. What is the units digit of t?
8
Let b(f) = -f**3 - 2*f**2 + 224. Suppose 0 = 138*p - 137*p. What is the units digit of b(p)?
4
Suppose 3*f - 28022 = -28*l + 26*l, 46702 = 5*f + 4*l. What is the tens digit of f?
4
Let v(r) = -r**3 + 18 - 5 - 10 - 12*r**2 - 11*r - 11. Let o be v(-12). Let y = 219 - o. What is the tens digit of y?
9
Let m = 83 - 87. Let z(i) = -i**3 - 6*i**2 - 10*i - 5. Let w be z(m). Suppose -7*k + 910 = w*k. What is the units digit of k?
1
Let f(z) = z**3 + 7*z**2 + 4*z - 9. Let v be f(-6). Suppose -4*u = 3*q - 6*u - 1084, 0 = 5*q + v*u - 1794. What is the hundreds digit of q?
3
Let q be (-3)/(12/50*30/(-384)). Let v = q - -25. What is the hundreds digit of v?
1
Let f(s) = 2721*s**2 + 43*s - 28. What is the hundreds digit of f(-3)?
3
Suppose 0 = 5*q - 9*q + 192. Let x = q + -33. What is the units digit of (-6)/x - 5532/(-30)?
4
Let q(o) = o**3 + 8*o**2 - o - 5. Let h be 18/45 + 42/(-5). Let v be q(h). Suppose 0 = -v*w - 5*y + 51, 4*w - 5*y - 24 = 9. What is the tens digit of w?
1
Suppose -67*m - 87512 = -213101 - 196614. What is the units digit of m?
9
Suppose 0 = -v + c + 4, -8 = -2*v + 3*c - 0*c. Suppose 5*s = v*h + 2946, -2954 = -5*s - 4*h - 0*h. What is the tens digit of s?
9
Let r(s) = s**3 + 4*s**2 - s + 50. Let t be r(7). Let c = -338 + t. What is the units digit of c?
4
Suppose 0 = 2*s + l - 43, s - 5*s = -5*l - 93. What is the tens digit of (-33)/s*(-292)/3?
4
What is the units digit of (-13598)/78*(-76 - -1)?
5
Let y = 44732 + -24624. What is the units digit of y?
8
Suppose 4*v - 4*b - 32 = 0, 0 = 4*v + b - 3*b - 22. Suppose -154 = -5*y + v*r + 54, -4*r - 116 = -3*y. Let m = y + -29. What is the units digit of m?
5
Suppose -5*l + 13513 = s, -2*l + 5359 + 62068 = 5*s. What is the hundreds digit of s?
4
Suppose -b = 4*t - 27, 4*b - 6 - 25 = -5*t. Suppose 40 = -t*w + 15*w. Suppose -740 = -w*x - 4*c, -3*x + 5*x - 3*c = 319. What is the units digit of x?
2
Let b be (32 - 12)/(1/16). Let a be 8 + -7 - (-2)/2. Suppose a*v - b = -14. What is the tens digit of v?
5
Suppose -4*l + 54771 = 4*s + 8015, -3*s = 5*l - 58455. What is the ten thousands digit of l?
1
What is the tens digit of ((-5841)/(-5))/((-10)/(-50))?
4
Suppose -85 - 203 = 24*f. What is the tens digit of 12890/12 - 10/f?
7
What is the tens digit of (6/162)/(4/12) + 101222/9?
4
What is the tens digit of 1/(-1 + 2) + (72/2 - -5751)?
8
Let s(d) = d + 1. Let v(z) = -2*z - 29. Let l be v(-14). Let g(t) = -53*t**2 + 5*t + 4. Let a(f) = l*g(f) + s(f). What is the tens digit of a(-1)?
5
Let p(z) = -6*z**2 + 23*z - 1. Let k be p(3). Suppose 24*q - 2080 = k*q. What is the hundreds digit of q?
2
Let x(q) = -312*q**3 + 11*q**2 + 44*q - 42. What is the units digit of x(-5)?
3
Let b(c) = -2*c**2 - 32*c + 76. Let o be b(-18). Suppose -o*t - 4*i + 5096 = 0, 3*i - 4 = -7. What is the thousands digit of t?
1
Suppose 383670 = 309*b - 288*b. What is the ten thousands digit of b?
1
Let o be (6/15)/(4/80). Let d be o/(-6) + ((-35800)/(-15))/8. Suppose u + 8*u - d = 0. What is the units digit of u?
3
Suppose -3*d = -w - 12530, -d - 5*w = -736 - 3430. What is the hundreds digit of d?
1
Let g(a) = -841 - 843 + 6*a + 28*a**2 + 1680 + 12*a. What is the hundreds digit of g(-5)?
6
Suppose 5*s - 2*l - l = -35, -s + 11 = 3*l. What is the tens digit of 96 - (s + 35/10)*0?
9
Let l = 13 + -10. Let w be (-8)/(8/l) + 16. Suppose -8 = -4*u, -w - 74 = -3*s + 3*u. What is the units digit of s?
1
Let g(m) = 1725*m**2 - 54*m + 23. What is the tens digit of g(-3)?
1
Let p(l) be the second derivative of -101*l**3/3 + 15*l**2/2 - 121*l. What is the units digit of p(-2)?
9
Suppose 43*y - 133 = 36*y. Suppose 0 = y*p - 4697 - 3872. What is the units digit of p?
1
Suppose -2*b - 10 = 0, 15*b - 14*b = -5*h - 2770. Let w = 1696 + h. What is the thousands digit of w?
1
Let x = 338 + -273. Let b = 131 + x. What is the tens digit of b?
9
Let f(j) = -16*j**2 - 3*j**2 + 30*j**2 + 6*j - 3 - 7*j**2. Suppose -2*h - 7 - 3 = 0. What is the units digit of f(h)?
7
Let n(p) = -6*p + 7070. Let k be n(0). Suppose 427*s + k = 432*s. What is the thousands digit of s?
1
Let k(a) = -a**2 - 4*a + 108. Let n be 0*3/(-15)*1. Let h be k(n). Let l = -45 + h. What is the tens digit of l?
6
Let s(r) = 10*r**2 + 4. Let h be s(5). Suppose 389 = -3*u + 2*k, u + u = 4*k - h. Let n = -55 - u. What is the units digit of n?
6
Suppose 12*d + 3 = 15*d. Let b be (d + -7)*(-1)/(6/(-123)). Let y = -117 - b. What is the units digit of y?
6
Suppose 5*m - 105282 = k, 119*m = 124*m - 